mmon divisor of s and w.
6
Let b(k) = k**2 + 16*k - 141. Let l be b(-23). Suppose -6*j + 9*j = 0. Let x be 4*(2*20 + j). Calculate the greatest common divisor of x and l.
20
Let k = -32265 + 36965. Calculate the greatest common divisor of 200 and k.
100
Suppose 4 = 3*v + 5*f, 5*v - 10*v + 48 = -2*f. Calculate the greatest common divisor of 472 and v.
8
Let i be (-52)/78 + (-1)/(3/(-1766)). Let c be -4 + 1 + i/28. Calculate the highest common factor of c and 4.
2
Suppose 0*h - 3*h - z = -183, z = 5*h - 297. Suppose 15*a - 10*a = h. What is the greatest common divisor of 108 and a?
12
Let z = -19 + 31. Suppose -8*l = -z*l + 8. Suppose 0 = 4*x + f + 309 - 954, -l*x - f = -325. What is the highest common factor of x and 20?
20
Let q = -24 - -124. Let r = -76 + q. Let o = -87 + 123. Calculate the greatest common factor of r and o.
12
Let p(l) = -l + 3. Let f be p(-6). Suppose 0 = 40*a - 902 - 618. Suppose -22*k + 236 - a = 0. Calculate the highest common divisor of f and k.
9
Let z(o) = o - 9. Let h be (2/4)/(77/70 + -1). Let s be z(h). Let q be (s/(-3) - 2) + 85/15. What is the greatest common factor of q and 25?
5
Let v(s) = -220*s**3 + 6*s**2 + 3*s - 3. Let r be v(-1). Calculate the highest common factor of r and 28.
4
Let w be (-312)/(-54) + -6 - (-6 - (-29276)/(-36)). Calculate the highest common divisor of 637 and w.
91
Let i(g) = 5*g**2 + 25*g + 150. Suppose -d + 3*d - 3*y = -18, 2*d - 5*y = -22. Let u be i(d). What is the greatest common factor of u and 210?
30
Let a = 12187 - 12143. Calculate the highest common divisor of 682 and a.
22
Let r(k) = -k**2 + 32*k - 47. Suppose 2*i + z = 46, 3*i - 4*z = 6*i - 64. Let a be r(i). Calculate the highest common factor of 87 and a.
29
Let m be (2 + 8/(-2))/(-1). Suppose 4*x - 5*o + m*o - 80 = 0, -2*o = -2*x + 42. What is the greatest common factor of 51 and x?
17
Suppose 0 = 3*r - 2*q - 18, 18 = r - 4*q - 8. What is the greatest common divisor of r and 1600?
2
Suppose 4*s - x - 29 = 0, 2*s + 0*x + 3*x + 3 = 0. Suppose -65*q - 693 = -67*q + b, -3*q + 1047 = -b. Calculate the highest common factor of q and s.
6
Let s(i) = 14*i + 79. Let f be s(-5). Suppose 3*k - 4*t - 188 = -f*t, -5*k - 4*t = -322. Calculate the highest common divisor of k and 12.
6
Let t(d) = 1 + 5 + 245*d + 3 - 1. Let j be t(1). Let m be (-232)/(-10) + (-3)/15. Calculate the highest common factor of m and j.
23
Let v = -2688 - -2730. Calculate the greatest common divisor of v and 330.
6
Let l(x) = -x**3 + 13*x**2 - 15*x + 8. Let r be l(12). Let d be r/(-7)*(3 + 3). Suppose 0 = d*m - 29*m + 300. Calculate the greatest common factor of m and 20.
20
Let b be ((-49)/3 - -16)/((-1)/210). What is the highest common factor of b and 574?
14
Let x = 489 + 5. What is the greatest common divisor of 836 and x?
38
Suppose -7*u = -u - 690. Suppose -4*q + 555 = a, 0*q + 5*a = -q + u. Let g be 10/(2 - (-12)/(-7)). Calculate the highest common factor of q and g.
35
Suppose -20*l - 1000 = -5240. Suppose 16*w - 300 = l. What is the greatest common divisor of 2 and w?
2
Let u = -8 - -27. Let b = -7 + u. Suppose -19*d + 10754 = 10697. Calculate the greatest common divisor of b and d.
3
Let a(f) = -f**2 + 32*f + 828. Let z be a(47). Calculate the highest common factor of z and 1599.
123
Let g(u) = u**3 - 6*u**2 + 8*u - 8. Let x be g(6). Suppose 0 = 4*c + 12 + x. Let m be 108*(-3 + c*3/(-9)). What is the greatest common factor of m and 36?
36
Suppose 2*y - y + 5*b - 1019 = 0, -3*y = 4*b - 3112. Suppose 19*k - 1920 - y = 0. What is the highest common divisor of k and 260?
52
Let f be ((-2)/24 + (-679)/(-84) - 0) + 1342. Calculate the greatest common factor of 100 and f.
50
Let a(l) = 6*l**2 + 13*l - 12. Let c be a(5). Let z = -132 + c. Let x = z + -69. Calculate the greatest common divisor of x and 8.
2
Let o(i) = 49*i - 10. Let d be o(-7). Let p = -227 - d. Let g = p + -56. What is the highest common divisor of g and 20?
10
Let l(g) = -g**2 - 3*g - 5. Let j be l(-7). Let t(x) = 4*x - 29. Let i be t(4). Let a = i - j. Calculate the greatest common factor of 140 and a.
20
Let c = -40420 - -40460. Let z(h) = 3*h**2 + 5*h - 8. Let g be z(9). Calculate the greatest common factor of c and g.
40
Let s(o) = -o**3 - 8*o**2 - 9*o + 2. Let a be s(-7). Let p be 5/((-30)/a)*9/2. Let w = p - -46. What is the greatest common factor of 34 and w?
34
Suppose -r + 244 = 2*t, 0*r + 3*r - 682 = 4*t. Suppose 1170 = 18*p + r. Calculate the highest common factor of p and 156.
52
Let x be -42 + 56 - 57/(-3). What is the greatest common factor of x and 12?
3
Let c(x) = 42*x + 287. Let p be c(65). Calculate the greatest common divisor of p and 7.
7
Let i be 79/(-158)*(-32)/2 + -5. Suppose 37 = w - 5*m, -4*m - 25 = -4*w + 91. What is the highest common divisor of i and w?
3
Suppose a = -2*r + 6*r - 441, 5*a = -r + 84. Suppose -8*m + 155 = -r. Calculate the highest common factor of m and 22.
11
Suppose 5*z = 5*s + 395, 2*z + 73 = -s + 249. Calculate the highest common factor of 50575 and z.
85
Suppose 10*c = 7*c - 4*u + 8, 5*u + 17 = 3*c. Suppose 0 = 2*n + c*k - 84, 3*n + 0*k - 162 = 3*k. Calculate the highest common divisor of n and 2.
2
Suppose -3*l = 9*l + 324. Let n(q) = -6*q - 84. Let f be n(l). Calculate the greatest common divisor of 117 and f.
39
Let q(j) = -j - 10. Let n be q(-29). Suppose -3*p + 4*w = -755, -14*p = -n*p - 4*w + 1205. Calculate the greatest common factor of 147 and p.
49
Let i be (-2 - (-9 + 6 + 4)*3)*-13. Calculate the greatest common divisor of 280 and i.
5
Suppose -r = 3*n - 14*n + 45876, 16710 = 4*n - 5*r. What is the highest common divisor of n and 139?
139
Let h(a) = -982*a - 10250. Let l be h(-15). Calculate the highest common factor of 56 and l.
56
Let q = -46 + 44. Let s be 7 - 6 - (q + 0). Suppose 0 = 5*p - 5*g, 3*g - s - 11 = -4*p. Calculate the highest common factor of p and 2.
2
Let h be (-2)/(-8) + 2 + (-987)/12. Suppose -2*f - 35 = 65. Let l = f - h. What is the highest common divisor of l and 30?
30
Suppose -3*p = -4*j, -5*j - 7 = -5*p - 12. Let w(q) = -q - 2. Let c be w(j). Calculate the highest common divisor of 13 and c.
1
Let v(t) = 10*t - 118. Let u be v(23). Let z = 134 - u. What is the greatest common factor of 99 and z?
11
Let f = 171 + -63. Suppose 144 = -4*n + 5*n. What is the greatest common factor of f and n?
36
Suppose 0 = -117*w + 82*w + 105. Calculate the greatest common divisor of 927 and w.
3
Suppose o + 47*o - 2688 = 0. Calculate the highest common factor of 469 and o.
7
Let a be (-490)/245*(-1118)/4. Let y be (-2)/9 - (-778)/18. What is the highest common factor of y and a?
43
Let u be (192/20)/((-9)/30). Let t be -9*(4/u - 154/48). Let i = 63 - t. What is the highest common factor of i and 22?
11
Let z be -8 + (-816)/(-45) + 4/(-30). What is the greatest common factor of 134 and z?
2
Suppose 50317 + 13272 - 11047 = 18*q. Calculate the greatest common factor of q and 105.
21
Let y be (-51)/(-34) + 14973/6. Calculate the greatest common factor of 11 and y.
11
Suppose 2*h = -h + 2*c + 422, 3*h = 5*c + 407. Let v be (60/70)/((-6)/(-112)). Calculate the highest common divisor of h and v.
16
Let g be ((-136)/(-32) - 2)/(1/12). Let z = g + 50. Calculate the highest common divisor of z and 11.
11
Suppose -12*g + 75 = 3*g. Suppose -2*b = -g*b + 30. Suppose b*q = -7*q + 51. Calculate the highest common factor of q and 1.
1
Let g(p) = p**3 - 7*p**2 + p - 14. Let n be g(7). Let u be (90/27)/(n/(819/(-6))). Calculate the highest common divisor of u and 130.
65
Let a be (-1)/(-4) + 14161/(-68). Let u = 214 + a. Calculate the highest common factor of 30 and u.
6
Let r be (1/(-1))/(1/(-48)). Let t be ((-194)/776)/(3/(-384)). What is the highest common factor of r and t?
16
Let f(y) = -11*y**3 - 7*y**2 + 67*y + 81. Let u be f(-9). What is the highest common factor of 440 and u?
110
Let d be (3 - 4)*(-6 - -1). Let s(r) = 160*r - 798. Let x be s(5). What is the greatest common factor of x and d?
1
Suppose g + 409 - 3076 = -3*s, g - 2669 = -2*s. Calculate the highest common divisor of g and 18.
9
Let l be (0/(-7))/(1*-2). Let s(a) be the first derivative of a**3 - a**2 + 30*a + 67. Let n be s(l). Calculate the greatest common divisor of n and 30.
30
Suppose -31*x + 2034 + 9219 = 0. Let t = 44 + x. Let s(w) = 36*w**3 + w**2. Let v be s(1).